e -195 + 55 = -5*l. What is the tens digit of l?
2
Suppose -r = 5*g + 2*r - 27, -4*r = 4. Suppose -f + 0 = -g. What is the units digit of f?
6
Suppose -4 = -2*d - c + 2*c, 0 = -2*d + 2*c. Suppose -3*s = -d*s + 4. Suppose l - s*l = -27. What is the units digit of l?
9
Let j be 0 + 1 + 1 + -3. Let a(i) be the first derivative of 2*i**3 - i**2/2 - i - 6. What is the units digit of a(j)?
6
Let f(l) = 6*l + 11. Let m(c) = -7*c - 12. Let q(n) = 6*f(n) + 5*m(n). Let r(v) = 7*v**2 + v + 1. Let k be r(-1). What is the units digit of q(k)?
3
Suppose -u + 252 = b, -5*u + 833 + 179 = 4*b. What is the units digit of b?
8
Suppose -4*z - 41 = -5*z - 3*b, -5*z = 3*b - 229. What is the tens digit of z?
4
Let q = 0 - -3. Suppose -3*o = -10*o + 35. Suppose o*j + h - 68 = -q*h, 3*j + 5*h = 33. What is the tens digit of j?
1
Let n(m) = -3*m + 10. What is the tens digit of n(-9)?
3
Let v(x) be the first derivative of -x**4/4 + 5*x**3/3 - 2*x**2 + 2*x - 2. Let k be v(4). Suppose -b = -2, -3*b - 2 = -k*i + 2*b. What is the units digit of i?
6
Let r(y) be the first derivative of y**4/6 - y**3/2 + y**2/2 + 3. Let b(h) be the second derivative of r(h). What is the units digit of b(2)?
5
Suppose 3*n + 4*b = 3, 5*n + 2 = -b + 24. Suppose 4*z - 162 = z. Suppose -2*c - 2*j + j = -21, n*c + 2*j - z = 0. What is the tens digit of c?
1
Let t = -5 + 2. Let r be (t/3)/(1/(-26)). What is the units digit of r/10 + (-2)/(-5)?
3
Let n(w) = 2*w**2 - 22*w + 35. What is the hundreds digit of n(16)?
1
Suppose c - 3*d + 12 = 2*c, -3 = 2*c - 3*d. Suppose -c*z = 2*v - 24, 2*z + 4*v = -0*v + 24. Suppose z*u - 44 = 2*u. What is the units digit of u?
1
Let o(s) be the first derivative of s**3/3 + 2*s**2 + 2. What is the units digit of o(-6)?
2
Let b(m) = m**2 - 7*m + 3. Let c be b(7). Suppose c = -i + 16. What is the tens digit of i?
1
Suppose -4 = -4*w - 16. What is the units digit of (-4 - (0 + w)) + 26?
5
Let k(v) = -v**3 + 6*v**2 + 2*v - 7. Let g be k(6). What is the units digit of (-1 + 31)*2/g?
2
Suppose 4*h + 9 = 3*h - 2*a, 2*a = 3*h + 35. Let s(u) = -u**3 - 11*u**2 + u + 14. What is the units digit of s(h)?
3
Let z(o) = -7*o + 30. Let c be z(6). Suppose -2*v = 2*v + 36. What is the units digit of c*6/v - 1?
7
Suppose 3*o = -5*r + 64, 4*o - 2*r - 19 = 23. Suppose -h - 4*v = -4, -5*v - o = -h - 0. Suppose 0 = -2*f + 4*f - h. What is the units digit of f?
4
Let c be (-1 - 1) + (-35)/(-7). Suppose -m - c*p + 18 = 2*m, -5*m + 21 = 2*p. Suppose -m*z + 3 = 0, 2*f - z = -6*z + 17. What is the units digit of f?
6
Let o(l) be the third derivative of -l**4/8 - 7*l**3/6 + 3*l**2. What is the tens digit of o(-6)?
1
Let h = 16 - 9. Let f = h + -1. Suppose -9 = -3*g, 3*g - f = 2*c - 5. What is the units digit of c?
4
Let u = -99 - -145. What is the tens digit of u?
4
Suppose 8*y - 4*y - 516 = 0. What is the units digit of y?
9
Suppose m - t = -3*m + 258, -333 = -5*m - 4*t. What is the tens digit of m?
6
Suppose 0 = -4*v + 4*g, -1 = -0*v + 2*v - 3*g. Suppose 5*x - f - 24 = -v, 3*x + 4*f - 23 = 0. What is the units digit of x?
5
Suppose -4*o + 16 = 4*d, -3*o + 4*o = 5*d - 2. Suppose 7*b + o*u = 4*b + 12, 2*u - 8 = 5*b. Suppose 32 = -b*p + 2*p. What is the tens digit of p?
1
Suppose -2*l + 11 - 3 = 0. Suppose l*n = 2*n - 8. Let y = 20 + n. What is the tens digit of y?
1
Suppose 3*g = 6, 4 + 0 = r + 2*g. Suppose r = -3*l + 3*m + 12, -3*m - 8 = -2*l - 1. Suppose -l = 5*o - 20. What is the units digit of o?
3
Suppose -3*a - 6*a = -288. What is the units digit of a?
2
Let s(w) = w**2 + 7*w + 9. Let f(y) be the first derivative of y**4/4 + 8*y**3/3 + y**2/2 + 2*y + 2. Let q be f(-8). What is the units digit of s(q)?
3
Let z = 144 + -80. What is the tens digit of z?
6
Suppose 2*r - 10 = -3*r. Suppose -6*i + 28 = -r*i. What is the units digit of i?
7
Let n = 40 - 31. What is the units digit of n?
9
Suppose -2*f + 43 = -3*b, 0 = 2*f - b - 0*b - 49. Let c = -14 + f. Suppose p - c = -p. What is the units digit of p?
6
Let h(s) = -3*s - 46. What is the units digit of h(-21)?
7
What is the units digit of 378/22 - (-8)/(-44)?
7
Let y be 14*3/18*21. Suppose -2*c - 19 = -y. Let w = c - 9. What is the units digit of w?
6
Suppose 4*r + 4*a + 24 = -0*r, 0 = 2*r - 2*a - 4. What is the tens digit of (-2)/r - 4*-3?
1
Let q = 13 + 11. What is the units digit of q?
4
Let r(o) = -o**2 - 2*o. Let z be r(-2). Suppose 0*l - 3*l + 39 = z. Let s = -7 + l. What is the units digit of s?
6
Let m be (-1)/(1*2/(-38)). Suppose -4*v + 24 = -0*v. What is the tens digit of m - v/(3 + -6)?
2
Suppose 491 = 6*i - 865. What is the units digit of i?
6
Let h(y) = y**3 - 6*y**2 - 7*y - 3. Let r be h(7). What is the units digit of (-2)/(-6)*(24 + r)?
7
Suppose -v = -4*j + 8*j + 13, -3*j + 2*v = 18. Let z be (-2 - -17)*j/(-10). Let d(u) = u + 7. What is the units digit of d(z)?
3
Let q = 12 + 3. What is the units digit of q?
5
Let s = -41 + 72. Let m = s + -17. What is the tens digit of m?
1
Let c be (-2)/(15/6 + -3). Suppose 0 = -0*r + r - c*b, 0 = 4*r - 4*b - 12. Suppose -2*o = -y + 7, r*y - 36 = 3*o + o. What is the units digit of y?
1
Let t(p) = -3*p. What is the tens digit of t(-6)?
1
Suppose -5*d = 0, 3*d - 15 - 25 = 4*w. What is the units digit of (-36)/(-45)*w/(-4)?
2
Suppose 0 = -c - 2*w + 5 - 2, 4*c + 5*w - 9 = 0. What is the units digit of 11 + c - -3 - -2?
7
What is the units digit of (-1)/6 - 145/(-6) - -1?
5
Suppose -2*m + 38 = -2*l - 26, -4*m + 5*l = -126. What is the tens digit of m?
3
Let h(v) = v**2 - 3*v. Let g be h(4). Let y(r) = r + 11. Let k be y(-7). Suppose 2*f - 3*z = 7*f - 9, g = 4*f + k*z. What is the units digit of f?
3
Let t be ((-12)/(-4) + -2)*2. Let u(o) be the first derivative of o**4/4 - o**3/3 + o**2 - 2. What is the units digit of u(t)?
8
Suppose 0 = -3*c - 2*q + 18 - 4, -15 = -5*c + 5*q. Let y = c - 2. Suppose -5*j - 25 = 0, y*j - j - 11 = -4*h. What is the units digit of h?
4
Let m(h) = -6*h**3 - h**2 - h + 2. Let s be m(2). Let j = -29 - s. What is the tens digit of j?
2
Let p(r) = r**3 + 4*r**2 - 4*r - 2. Let d be p(-4). Let a = d + -8. What is the units digit of a?
6
What is the tens digit of (-6786)/(-27) + 2/3?
5
Let k(z) = z - 6. Let m be k(6). Suppose m = r + 4*r - 220. Suppose 0 = -4*x + r - 8. What is the units digit of x?
9
Let k = 30 - 9. What is the units digit of k?
1
Let h = 134 + -37. What is the units digit of h?
7
Let s = 22 + 7. Let a = s + -12. What is the tens digit of a?
1
Let p = -8 + 3. Let m(n) = n**3 + 5*n**2 - 2*n - 6. Let d be m(p). Suppose -2*z + d*z = 4. What is the units digit of z?
2
Let b be (-2)/(-4)*(-12)/(-2). Let y be -1*(1 + -1) + b. Suppose y*o = -2*o + 5. What is the units digit of o?
1
Let c = -14 + 18. Let a = 19 + c. What is the tens digit of a?
2
Suppose 0 = 2*q - 10 - 56. What is the tens digit of q?
3
Let b(l) = -18*l + 8. What is the tens digit of b(-8)?
5
Let y = -12 - -33. What is the units digit of y?
1
Suppose -d = 2*d. Suppose d*h + 2*h - 22 = 0. What is the units digit of h?
1
Let o be ((-6)/(-1))/((-2)/(-3)). Let y = 74 - 72. Suppose 2*c - x = -0*x + y, -c + 3*x = o. What is the units digit of c?
3
Suppose 0*m - 74 = -2*m. Suppose m - 3 = 2*s. What is the tens digit of s?
1
Suppose l - 3*x = 30 - 0, 4*l + 5*x = 69. What is the tens digit of l?
2
Let f = 10 + -14. Let q be (6/f)/(3/6). Let h = 5 + q. What is the units digit of h?
2
Let k be 15/(-10)*40/(-3). Let w = k - 7. What is the units digit of w?
3
Suppose 2*x = -5*o + 38, -4*o = x - 22 - 6. Let q be (-2)/6 + 26/6. Let c = q + o. What is the tens digit of c?
1
Suppose 0 = 3*h, -5*t - 4*h = -15 - 0. What is the tens digit of (1/(-3))/(t/(-117))?
1
What is the units digit of 3/9 - (-2100)/18?
7
Let n(w) = 5*w**2 - 5*w + 4. Let p be n(-7). Suppose -5*l = -p + 44. What is the tens digit of l?
4
Let s(m) = 7*m + 2 + 3*m**2 - 2*m**2 + 0*m**2. Let n be s(-6). Let f = 10 + n. What is the units digit of f?
6
Let d = 12 + -8. Suppose 3*o = 4*l + 17 - 1, -o + d = 0. What is the units digit of l/3*(-15 + 0)?
5
Suppose -2*t = 2*t - 12. Suppose 5*v - 12 = -4*p, -3*p + 4 = 2*v + t*v. Suppose l = 5*l - p. What is the units digit of l?
2
Suppose 5*r + 7 = 2*q, 0 = -3*q - 0*r - r + 19. What is the units digit of q?
6
Suppose -g + 3 = 4, 4*z - 303 = -g. What is the tens digit of z?
7
Let v = 4 - 6. Let s = v + 16. Wha